{"id":18,"date":"2019-06-26T13:37:18","date_gmt":"2019-06-26T12:37:18","guid":{"rendered":"http:\/\/cameleon.software\/?page_id=18"},"modified":"2019-06-27T08:54:19","modified_gmt":"2019-06-27T07:54:19","slug":"a-propos","status":"publish","type":"page","link":"https:\/\/cameleon.software\/index.php\/a-propos\/","title":{"rendered":"A propos"},"content":{"rendered":"<p>Cameleon Software propose des solutions informatiques pour la gestion des investissements, con\u00e7ues pour optimiser les aspects op\u00e9rationnels et investissement tout au long du processus de gestion.<\/p>\n<p>Les solutions propos\u00e9es cherchent un maximum d\u2019efficience \u00e0 travers la gestion et l\u2019ex\u00e9cution des ordres, l\u2019analyse et la simulation de portefeuille, la compliance et le reporting r\u00e9glementaire, la gestion de commission et la gestion de portefeuille &amp; le reporting client.<\/p>\n<p>Ainsi nos clients peuvent suivre l\u2019ensemble de leur activit\u00e9 de gestion collective, de gestion sous mandat et\/ou de conseil dans leur application d\u00e9di\u00e9e et \u00e9volutive. Du front au back, le syst\u00e8me r\u00e9pond \u00e9galement \u00e0 leurs besoins administratif, comptable et r\u00e9glementaire.<\/p>\n<p><em><strong>L&#8217;entit\u00e9<\/strong><\/em><\/p>\n<p><em>La soci\u00e9t\u00e9, bas\u00e9e \u00e0 Landivisiau et Paris, a \u00e9t\u00e9 lanc\u00e9e en 2009 par ses deux fondateurs qui ont une longue experience dans l\u2019investissement financier et le d\u00e9veloppement de logiciels \u00e0 destination d\u2019une large communaut\u00e9 financi\u00e8re.<\/em><\/p>\n<p><em>Partenaire de confiance pour des soci\u00e9t\u00e9s de gestion de portefeuille ayant des actifs sous gestion variant entre 200 M EUR et 3 MD EUR.<\/em><\/p>\n","protected":false},"excerpt":{"rendered":"<p>Cameleon Software propose des solutions informatiques pour la gestion des investissements, con\u00e7ues pour optimiser les aspects op\u00e9rationnels et investissement tout au long du processus de gestion. Les solutions propos\u00e9es cherchent un maximum d\u2019efficience \u00e0 travers la gestion et l\u2019ex\u00e9cution des ordres, l\u2019analyse et la simulation de portefeuille, la compliance et le reporting r\u00e9glementaire, la gestion [&hellip;]<\/p>\n","protected":false},"author":1,"featured_media":0,"parent":0,"menu_order":0,"comment_status":"closed","ping_status":"closed","template":"","meta":[],"_links":{"self":[{"href":"https:\/\/cameleon.software\/index.php\/wp-json\/wp\/v2\/pages\/18"}],"collection":[{"href":"https:\/\/cameleon.software\/index.php\/wp-json\/wp\/v2\/pages"}],"about":[{"href":"https:\/\/cameleon.software\/index.php\/wp-json\/wp\/v2\/types\/page"}],"author":[{"embeddable":true,"href":"https:\/\/cameleon.software\/index.php\/wp-json\/wp\/v2\/users\/1"}],"replies":[{"embeddable":true,"href":"https:\/\/cameleon.software\/index.php\/wp-json\/wp\/v2\/comments?post=18"}],"version-history":[{"count":3,"href":"https:\/\/cameleon.software\/index.php\/wp-json\/wp\/v2\/pages\/18\/revisions"}],"predecessor-version":[{"id":87,"href":"https:\/\/cameleon.software\/index.php\/wp-json\/wp\/v2\/pages\/18\/revisions\/87"}],"wp:attachment":[{"href":"https:\/\/cameleon.software\/index.php\/wp-json\/wp\/v2\/media?parent=18"}],"curies":[{"name":"wp","href":"https:\/\/api.w.org\/{rel}","templated":true}]}}